+ 232, -4*k + 2*i + 578 = 0. What are the prime factors of k?
3, 7
Let p = -12 - 30. Let x = p + 1449. Suppose x - 137 = 10*h. What are the prime factors of h?
127
Suppose 62*d + 1470 = 59*d. Let i = d + 1062. Suppose 73*v = 69*v + i. List the prime factors of v.
11, 13
Let x(u) = 30*u**3 - 5*u**2 - 9*u + 30. List the prime factors of x(6).
2, 3, 523
Suppose 0 = 4*z + 1424 - 424. Let p = -76 - z. List the prime factors of p.
2, 3, 29
Let t be -3 + 402/51 + 6/51. Suppose t*d - 3*j = 4807, -2*d - 34*j + 1934 = -38*j. What are the prime factors of d?
7, 137
Suppose -277*w + 511965 = -246*w. What are the prime factors of w?
3, 5, 367
Suppose -3*k - 9 = 0, -2*c + 4*k + 11652 = -6260. List the prime factors of c.
2, 5, 179
Let u(a) = -a + 7. Let k be u(-5). Suppose -4*m = k, 2*s + 5*m - 3*m = 4. Suppose -246 = -s*i + 119. List the prime factors of i.
73
Suppose 80*p - 45*p - 719132 = -137*p. What are the prime factors of p?
37, 113
List the prime factors of (744/48)/(-31) + 16267/2.
3, 2711
Let i(r) = 6 - 3*r + 0 + 1 + 4. Let n be i(3). Suppose n*o = 6*o - 2*m + 2, 0 = -2*o + 3*m - 11. What are the prime factors of o?
2
Let b = -434 - -684. Let y = b - -28. Let s = -102 + y. List the prime factors of s.
2, 11
Let j = 6017 + -4422. What are the prime factors of j?
5, 11, 29
Let d(s) = -s**2 + 12*s + 36. Suppose -2*h - 1 = -5*h - 4*i, 4*h = 3*i + 43. Suppose -4*r = -5*c - 11, 2*r + 4*c = h*r - 25. What are the prime factors of d(r)?
3, 7
Let g(k) = 41*k**2 + 43*k - 606. List the prime factors of g(14).
2, 251
Let o(g) = 1386*g - 219. What are the prime factors of o(1)?
3, 389
Suppose -5*m + 12580 = 4*c, 3*m - 2188 - 5338 = 2*c. What are the prime factors of m?
2, 157
List the prime factors of 4/(-14) - (-659514)/56 - 21/12.
3, 5, 157
Let t = 7329 - 5123. Let o = -701 + t. List the prime factors of o.
5, 7, 43
Suppose -28*n = -37*n + 35*n - 1307072. List the prime factors of n.
2, 1571
Let f be -5 - 84/(-18) - 2/(-6). Suppose -2*k + 374 = -f*k. Let j = -123 + k. List the prime factors of j.
2
Let t(k) = 3*k - 47. Let z(d) = 8*d - 93. Let n(m) = -5*t(m) + 2*z(m). List the prime factors of n(9).
2, 29
Suppose 3*l = 3*y + 2*y - 16, 0 = 4*l - 5*y + 13. Suppose -l*u = -2*u - 99. Let n = u - 30. What are the prime factors of n?
3, 23
Let t(w) = 8*w**2 + 3*w + 2. Let g be t(-1). Suppose 0*o = 7*o - g. What are the prime factors of 87 + (-6 - (o - 5))?
5, 17
Let x = -17931 - -40332. List the prime factors of x.
3, 19, 131
Let g be (-12)/(-30) + 339/15. Let d(n) = -18*n + 0*n**3 - 22*n**2 + 12*n**3 - 11*n**3 - 2 + 10. What are the prime factors of d(g)?
3, 41
Let r = -260 + 531. Let n = 377 - r. What are the prime factors of n?
2, 53
Let c(h) = h**3 + 6*h**2 + 8*h + 12. Let v be c(-5). Let l be 6/(4 + 6/v). Let q = 17 - l. What are the prime factors of q?
2, 7
Let f(u) = 64*u**3 + 2*u**2 + 9*u + 5. Let t be f(-2). Let g = 598 + t. What are the prime factors of g?
3
Let l(v) = 2*v**3 + 5*v**2 - 4*v + 4. Let p(r) be the first derivative of r**2 - 17*r + 14. Let i be p(10). List the prime factors of l(i).
7, 13
Let g = 7737 + -1291. List the prime factors of g.
2, 11, 293
Suppose 294*d = 285*d - 756. List the prime factors of (-38*(-1)/(-4))/(14/d).
3, 19
Let a(h) = 50*h + 717. What are the prime factors of a(-6)?
3, 139
Suppose -310*y - 5 = -311*y. Suppose -n = 4*p - 4*n - 2731, y*p + 4*n = 3375. List the prime factors of p.
7, 97
Let u(x) = 7*x - 118. Let a be u(16). What are the prime factors of 2/((-4)/a) - (-281 - 4)?
2, 3
Suppose -5*k + 37689 = -59639 - 44302. What are the prime factors of k?
2, 3, 4721
Let n(x) be the third derivative of x**4/6 + x**3/6 + 11*x**2. Let a be n(1). Suppose -425 = a*y - 10*y. What are the prime factors of y?
5, 17
Let b(k) = -1170*k**3 - k**2 - 7*k - 5. List the prime factors of b(-2).
5, 1873
Let u(f) be the third derivative of f**5/30 - 7*f**4/24 - 3*f**3/2 + 2*f**2 + 21. List the prime factors of u(-9).
2, 3
Let j(k) = 410*k + 39. List the prime factors of j(5).
2089
Suppose 3*f - 149906 = 5*p, 25*f = 21*f - 3*p + 199952. What are the prime factors of f?
2, 67, 373
Let l = -71 + 69. Suppose -4*x - k = -718 - 1514, 0 = -2*k. List the prime factors of x/8 + l/(-8).
2, 5, 7
Suppose -3*k = -5*s + 7*s - 228536, 4*k - 304689 = s. List the prime factors of k.
2, 7, 5441
Suppose 5*p + w = -w + 1675, 5*p - 1655 = 2*w. Let l = 772 - p. List the prime factors of l.
439
Let r = 27 - 24. Suppose -930 = -3*j - 0*l + r*l, -4*l = 12. List the prime factors of j.
307
Suppose -883 - 12 = 5*o. Let m = -142 - o. What are the prime factors of m?
37
Let b(f) = 1438*f**2 + 57*f + 169. What are the prime factors of b(-3)?
2, 5, 647
Suppose -2*n + 5*n - 6 = 0, -3*l = 4*n + 10. Let i be (-469)/(-35) + l/15. Let q = i + -5. List the prime factors of q.
2
What are the prime factors of 2837 + 6 + -5 + (-40)/(-8)?
2843
Let z = -13 - -15. Suppose 6*i = -z*i + 24. Suppose -2*y - 2*u = -300, 8*y - i*y - 4*u - 714 = 0. List the prime factors of y.
2, 73
Let v(h) be the first derivative of h**4/4 + 2*h**3 + 3*h**2/2 - 7*h - 1058. Suppose 3*j + 18 = j - 5*d, -14 = 3*j + d. What are the prime factors of v(j)?
13
List the prime factors of (13518/21*(-35)/4)/((-48)/64).
2, 5, 751
Let h(b) = 7*b + 2. Let q(a) = 6*a + 2. Let l(p) = 5*h(p) - 6*q(p). Let u be l(7). List the prime factors of (5/(-2) + 2)/(u/450).
5
Let y(m) = -m + 9. Let b be y(8). List the prime factors of (-94)/b*(-39)/13.
2, 3, 47
Suppose -12 = -7*m + 10*m. Let f be ((-94)/m)/(6/12). Suppose 3*a - f = -0*p - 2*p, p = -3*a + 16. List the prime factors of p.
31
Let p(w) = -w**3 - 8*w**2 + 4*w + 8. Let k be p(-8). What are the prime factors of (-36)/k + (-147)/(-2)?
3, 5
Suppose -10*p - 1717 - 793 = 0. Let g(c) = -15*c**2 + 12*c - 21. Let t be g(-5). Let i = p - t. List the prime factors of i.
5, 41
Suppose x = 4*x + 2*a - 9, -3*x + 2*a = -21. Suppose 43*s + 4*d + 864 = 47*s, d = -x*s + 1080. What are the prime factors of s?
2, 3
Suppose 0 = -3*q - 4*a - 29, 6*a = -2*q + a - 24. Let d be 4829/77 - 2/q. Suppose 3*u = d + 60. What are the prime factors of u?
41
Suppose -2*a = -a - 2*w + 8, 5*a - 2*w = -80. Let v = -15 - a. What are the prime factors of 60 - (7 + -1 - v)?
3, 19
Let z = -335 - -339. Suppose -4*c + 1280 = 4*a, 2*a = 4*a - z*c - 646. What are the prime factors of a?
3, 107
Suppose -6*t + 14 = -3*t + 4*d, -4*d + 34 = 5*t. Suppose h = t + 726. Suppose -5*g + 184 + h = 0. List the prime factors of g.
2, 23
Let c(n) = 37*n**2 - 15*n + 7. Let s(m) = -17*m**2 + 7*m - 4. Let p(b) = -2*c(b) - 5*s(b). What are the prime factors of p(5)?
2
Suppose 8453*f + 634848 = 8470*f. What are the prime factors of f?
2, 3, 389
Let y = 1 - 3. Let b be -1 - (4 + -24 - y). Suppose t + b = 50. What are the prime factors of t?
3, 11
List the prime factors of (-258052)/(-6) + (6/(-27) - 26/18).
29, 1483
Let x(z) = 16*z + 911. What are the prime factors of x(76)?
3, 709
Suppose -2436 = -3*n + 4*j, 2*j = 7*j - 15. What are the prime factors of n?
2, 3, 17
Let x = -1155 - -82. Let o = -481 - x. What are the prime factors of o?
2, 37
Let w be (-12)/(-4)*-1 + (-576)/(-3). Let b be (1 - 1)/((-12)/(7 - 3)). Suppose -5 = 2*r - 4*c - w, 4*r - c - 361 = b. What are the prime factors of r?
2, 3, 5
Let k be (-3)/(-5) - 3277/145. Let i(q) = -3*q + 119. What are the prime factors of i(k)?
5, 37
Let m be 6/((-42)/(-7))*1*9. Let d = 2 + m. Suppose -5*f + d = 3*l, 0*f - l = -5*f + 23. List the prime factors of f.
2
Suppose 0 = 6*i - 9029 - 6085. What are the prime factors of i?
11, 229
Suppose -7 = w - 2*f - 3, 3*f = -5*w + 32. Suppose c - 728 = -c - 2*y, -369 = -c + w*y. List the prime factors of c.
5, 73
Suppose 0 = -40*r + 12757 + 5043. List the prime factors of r.
5, 89
Suppose 12*x - 1 = 11*x, -4*x = -2*d - 786. Let f = -140 - d. List the prime factors of f.
251
Let y(c) be the second derivative of -31*c**4/3 + c**3/6 + c**2/2 + 11*c. Let f be y(1). Let j = 226 + f. What are the prime factors of j?
2, 13
Let i = 3391 + 64823. List the prime factors of i.
2, 3, 11369
Let k(l) = 4*l - 30. Let g(h) = -1. Let n(r) = -6*g(r) - k(r). Let t be n(9). What are the prime factors of 63 + 0/(t - -4)?
3, 7
Let k(j) = 4*j**3 + 9*j**2 + 4*j + 4. Let n be k(-6). Suppose -693*w + 1850 = -688*w. List the prime factors of (-51)/(2/7 + w/n).
2,